{"id":11,"date":"2017-02-07T00:35:09","date_gmt":"2017-02-07T02:35:09","guid":{"rendered":"http:\/\/www.comitesrecife.com.br\/?page_id=11"},"modified":"2017-02-27T15:49:22","modified_gmt":"2017-02-27T18:49:22","slug":"circunscricao","status":"publish","type":"page","link":"https:\/\/www.comitesrecife.com.br\/index.php\/circunscricao\/","title":{"rendered":"Circunscri\u00e7\u00e3o"},"content":{"rendered":"<p><strong>Consulado Honor\u00e1rio em Salvador (Bahia)<\/strong><br \/>\nAv. Sete de Setembro, 1238 &#8211; Campo Grande<br \/>\n40080-001 &#8211; Salvador<br \/>\nTel.:\u00a0 (71) 3329-5338<br \/>\nFax:\u00a0\u00a0 (71) 3329-3591<br \/>\ne-mail: <a title=\"consuladodaitalia@br.inter.net\" href=\"mailto:consuladodaitalia@br.inter.net\">consuladodaitalia@br.inter.net<\/a><br \/>\nC\u00f4nsul Honor\u00e1rio: Giovanni Pisanu<br \/>\nHor\u00e1rio de atendimento ao p\u00fablico: de ter\u00e7a a sexta-feira das 8h00 \u00e0s 12h00.<\/p>\n<hr \/>\n<p><strong>Correspondente Consular Honor\u00e1rio\u00a0em Porto Seguro (Bahia)<\/strong><strong><br \/>\n<\/strong>Av. 22 de Abril, 245 sala 10 \u2013 Centro<br \/>\n45810-000 &#8211; Porto Seguro<br \/>\nTel.: (73) 3288-0580<br \/>\nFax:\u00a0 (73) 3288-2954<br \/>\ne-mail: <a title=\"ccitalianops@hotmail.com\" href=\"mailto:ccitalianops@hotmail.com\">ccitalianops@hotmail.com<\/a><br \/>\nCorrespondente Consular Honor\u00e1rio: Ulisse Baggi<br \/>\nHor\u00e1;rio de atendimento ao p\u00fablico: ter\u00e7a e sexta-feira das 14h00 \u00e0s 17h00 (somente com agendamento).<\/p>\n<hr \/>\n<p><strong>Vice-Consulado Honor\u00e1rio em Fortaleza (Cear\u00e1)<\/strong><br \/>\nRua Miguel Dibe, 80 &#8211; Edson Queir\u00f3s<br \/>\n60811-130 &#8211; Fortaleza<br \/>\nTel.: (85) 3273-2606; 3278-6352<br \/>\nFax: (85) 3273-2606<br \/>\ne-mail: <a title=\"info@consfortaleza.org.br \" href=\"mailto:info@consfortaleza.org.br \">e-mail: info@consfortaleza.org.br <\/a><br \/>\nVice-C\u00f4nsul Honor\u00e1rio: Roberto Misici<\/p>\n<p>Hor\u00e1rio de atendimento ao p\u00fablico: segunda, quarta e sexta-feira das 9h00 \u00e0s 15h00.<\/p>\n<hr \/>\n<p><strong>Ag\u00eancia Consular Honor\u00e1ria\u00a0em Natal (Rio Grande do Norte) <\/strong><strong><br \/>\n<\/strong>Rua Auta de Sousa, 275 &#8211; Cidade Alta<br \/>\n59025-060 &#8211; Natal<br \/>\nTel.:\u00a0 (84) 3222-6674; 3221-3536<br \/>\nFax:\u00a0\u00a0 (84) 3211-2204<br \/>\ne-mail: <a title=\"consolatoitalianatal@hotmail.com\" href=\"mailto:consolatoitalianatal@hotmail.com\">consolatoitalianatal@hotmail.com<\/a><br \/>\nAgente Consular Honor\u00e1rio: Rino Eugenio Bordogna<\/p>\n<hr \/>\n<p><strong>Ag\u00eancia Consular Honor\u00e1ria\u00a0em S\u00e3o Lu\u00eds (Maranh\u00e3o)<\/strong><strong><br \/>\n<\/strong>Rua Montanha Russa, 73 &#8211; Centro<br \/>\n65010-400 &#8211; S\u00e3o Lu\u00eds<br \/>\nTel.:\u00a0 (98) 3221-1077<br \/>\nCel.:\u00a0 (98) 8807-4314<br \/>\ne-mail: <a title=\"agenziaconsolare@libero.it\" href=\"mailto:agenziaconsolare@libero.it\">agenziaconsolare@libero.it<\/a><br \/>\nAgente Consular Honor\u00e1rio: Gianluca Maria Bella<br \/>\nHor\u00e1rio de atendimento ao p\u00fablico: segunda, quarta e sexta-feira das 9h00 \u00e0 12h00.<\/p>\n<hr \/>\n<p><strong>Correspondente Consular Honor\u00e1rio\u00a0em Jo\u00e3o Pessoa (Para\u00edba)<\/strong><strong><br \/>\n<\/strong>Rua Joaquim Avundano, 76 &#8211; Miramar<br \/>\n58020-020 &#8211; Jo\u00e3o Pessoa<br \/>\nTel.:\u00a0 (83) 3248-2162<br \/>\nFax:\u00a0\u00a0 (83) 3247-2127<br \/>\nCel.:\u00a0 (83)-9955-7456; 8709-3408<br \/>\ne-mail: <a title=\"jorgedanielrossi@gmail.com\" href=\"mailto:jorgedanielrossi@gmail.com\">jorgedanielrossi@gmail.com<\/a>; <a title=\"mailto:jorgedanielrossi@hotmail.com \" href=\"mailto:jorgedanielrossi@hotmail.com\">mailto:jorgedanielrossi@hotmail.com <\/a><br \/>\nCorrespondente Consular Honor\u00e1rio: Giuliana Mazzanti<br \/>\nHor\u00e1;rio de atendimento ao p\u00fablico:\u00a0quarta-feira das 15h00 \u00e0s 18h00.<\/p>\n<hr \/>\n<p><strong>Correspondente Consular Honor\u00e1rio\u00a0em Macei\u00f3 (Alagoas)<\/strong><strong><br \/>\n<\/strong>Rua Jo\u00e3o Gualberto Pereira do Carmo, 46 sala 3 &#8211; Ponta Verde<br \/>\n57035-270 &#8211; Macei\u00f3<br \/>\nTel.: (82) 3377-0938<br \/>\nCel.\u00a0 (82) 8862-1214; 9156-9445; 9624-5767<br \/>\ne-mail: <a title=\"consmaceio@hotmail.com\" href=\"mailto:consmaceio@hotmail.com\">consmaceio@hotmail.com<\/a><br \/>\nHor\u00e1;rio de atendimento ao p\u00fablico: de segunda a sexta-feira das 8h30 \u00e0s 12h30 (aconselha-se o agendamento).<\/p>\n<hr \/>\n<p><strong><u>CONSULADO DA IT\u00c1LIA &#8211; RECIFE<\/u><\/strong><\/p>\n<p>Hor\u00e1rio de atendimento ao p\u00fablico:<br \/>\nSegunda, quarta e sexta-feira: das 09:00 \u00e0s 12:00 hs<\/p>\n<p>Av. Eng. Domingos Ferreira, 2222, 2\u00b0 andar\u00a0 &#8211; Ed. Robert Gran<br \/>\nBairro Boa Viagem<br \/>\n51020-030\u00a0 Recife\/PE<br \/>\nTel.:\u00a0 0xx \/ 81 \/ 3466.4200<br \/>\nFax:\u00a0 0xx \/ 81 \/ 3466.4320<\/p>\n<p>Celular Funcion\u00e1rio de Turno:\u00a0 0xx\/81\/9969.1661<\/p>\n<p>Home-page:\u00a0\u00a0<a title=\"www.consrecife.esteri.it\" href=\"http:\/\/www.consrecife.esteri.it\/\">www.consrecife.esteri.it<\/a><br \/>\nE-mail:\u00a0<a title=\"consolato.recife@esteri.it\" href=\"mailto:consolato.recife@esteri.it\">consolato.recife@esteri.it<\/a><\/p>\n<p><strong>Circunscri\u00e7\u00e3o: : Alagoas, Bahia, Cear\u00e1, Maranh\u00e3o, Para\u00edba, Pernambuco, Piau\u00ed, Rio Grande do Norte e Sergipe.<\/strong><\/p>\n","protected":false},"excerpt":{"rendered":"<p>Consulado Honor\u00e1rio em Salvador (Bahia) Av. Sete de Setembro, 1238 &#8211; Campo Grande 40080-001 &#8211; Salvador Tel.:\u00a0 (71) 3329-5338 Fax:\u00a0\u00a0 (71) 3329-3591 e-mail: consuladodaitalia@br.inter.net C\u00f4nsul Honor\u00e1rio: Giovanni Pisanu Hor\u00e1rio de atendimento ao p\u00fablico: de ter\u00e7a a sexta-feira das 8h00 \u00e0s 12h00. Correspondente Consular Honor\u00e1rio\u00a0em Porto Seguro (Bahia) Av. 22 de Abril, 245 sala 10 \u2013 [&hellip;]<\/p>\n","protected":false},"author":1,"featured_media":0,"parent":0,"menu_order":0,"comment_status":"closed","ping_status":"closed","template":"","meta":{"footnotes":""},"class_list":["post-11","page","type-page","status-publish","hentry"],"_links":{"self":[{"href":"https:\/\/www.comitesrecife.com.br\/index.php\/wp-json\/wp\/v2\/pages\/11","targetHints":{"allow":["GET"]}}],"collection":[{"href":"https:\/\/www.comitesrecife.com.br\/index.php\/wp-json\/wp\/v2\/pages"}],"about":[{"href":"https:\/\/www.comitesrecife.com.br\/index.php\/wp-json\/wp\/v2\/types\/page"}],"author":[{"embeddable":true,"href":"https:\/\/www.comitesrecife.com.br\/index.php\/wp-json\/wp\/v2\/users\/1"}],"replies":[{"embeddable":true,"href":"https:\/\/www.comitesrecife.com.br\/index.php\/wp-json\/wp\/v2\/comments?post=11"}],"version-history":[{"count":3,"href":"https:\/\/www.comitesrecife.com.br\/index.php\/wp-json\/wp\/v2\/pages\/11\/revisions"}],"predecessor-version":[{"id":113,"href":"https:\/\/www.comitesrecife.com.br\/index.php\/wp-json\/wp\/v2\/pages\/11\/revisions\/113"}],"wp:attachment":[{"href":"https:\/\/www.comitesrecife.com.br\/index.php\/wp-json\/wp\/v2\/media?parent=11"}],"curies":[{"name":"wp","href":"https:\/\/api.w.org\/{rel}","templated":true}]}}